{"id":3874,"date":"2018-11-05T12:01:45","date_gmt":"2018-11-05T11:01:45","guid":{"rendered":"http:\/\/ponceaucharmilles.fr\/web\/?page_id=3874"},"modified":"2019-04-03T16:50:37","modified_gmt":"2019-04-03T14:50:37","slug":"le-foyer-dhebergement","status":"publish","type":"page","link":"https:\/\/ponceaucharmilles.fr\/web\/le-foyer-dhebergement\/","title":{"rendered":"Le Foyer d&#8217;H\u00e9bergement"},"content":{"rendered":"<div><\/div>\n<h3><span style=\"color: #ff6600;\"><strong>Un lieux d\u2019h\u00e9bergement pour plus de s\u00e9curit\u00e9<\/strong><\/span><\/h3>\n<p>Construit en 1986, le foyer d\u2019h\u00e9bergement assure l\u2019h\u00e9bergement et l\u2019accompagnement de personnes adultes en situation de handicap qui exercent une activit\u00e9 professionnelle en ESAT. Il vous y est propos\u00e9\u00a0:<img loading=\"lazy\" class=\"wp-image-4020 alignleft\" src=\"http:\/\/ponceaucharmilles.fr\/web\/wp-content\/uploads\/2018\/11\/foyer-hebergement.jpg\" alt=\"\" width=\"372\" height=\"291\" srcset=\"https:\/\/ponceaucharmilles.fr\/web\/wp-content\/uploads\/2018\/11\/foyer-hebergement.jpg 800w, https:\/\/ponceaucharmilles.fr\/web\/wp-content\/uploads\/2018\/11\/foyer-hebergement-300x235.jpg 300w, https:\/\/ponceaucharmilles.fr\/web\/wp-content\/uploads\/2018\/11\/foyer-hebergement-768x601.jpg 768w\" sizes=\"(max-width: 372px) 100vw, 372px\" \/><\/p>\n<p><span style=\"color: #ff6600;\"><strong>Des espaces de vie adapt\u00e9s et personnalis\u00e9s :<\/strong><\/span><\/p>\n<p>Des studios individuels avec sanitaire privatif<\/p>\n<p>Des salles collectives de d\u00e9tente ou d\u2019ateliers<\/p>\n<p>Une cuisine collective pr\u00e9parant les repas sur place<\/p>\n<p>Un accompagnement personnalis\u00e9<\/p>\n<p>Des activit\u00e9s d&#8217;apprentissage, de loisirs et de d\u00e9tente<\/p>\n<p>Un acc\u00e8s aux services du territoire<\/p>\n","protected":false},"excerpt":{"rendered":"<p>Un lieux d\u2019h\u00e9bergement pour plus de s\u00e9curit\u00e9 Construit en 1986, le foyer d\u2019h\u00e9bergement assure l\u2019h\u00e9bergement et l\u2019accompagnement de personnes adultes en situation de handicap qui exercent une activit\u00e9 professionnelle en &#8230;<\/p>\n","protected":false},"author":1,"featured_media":0,"parent":0,"menu_order":0,"comment_status":"closed","ping_status":"closed","template":"template-fullwidth.php","meta":[],"_links":{"self":[{"href":"https:\/\/ponceaucharmilles.fr\/web\/wp-json\/wp\/v2\/pages\/3874"}],"collection":[{"href":"https:\/\/ponceaucharmilles.fr\/web\/wp-json\/wp\/v2\/pages"}],"about":[{"href":"https:\/\/ponceaucharmilles.fr\/web\/wp-json\/wp\/v2\/types\/page"}],"author":[{"embeddable":true,"href":"https:\/\/ponceaucharmilles.fr\/web\/wp-json\/wp\/v2\/users\/1"}],"replies":[{"embeddable":true,"href":"https:\/\/ponceaucharmilles.fr\/web\/wp-json\/wp\/v2\/comments?post=3874"}],"version-history":[{"count":9,"href":"https:\/\/ponceaucharmilles.fr\/web\/wp-json\/wp\/v2\/pages\/3874\/revisions"}],"predecessor-version":[{"id":4285,"href":"https:\/\/ponceaucharmilles.fr\/web\/wp-json\/wp\/v2\/pages\/3874\/revisions\/4285"}],"wp:attachment":[{"href":"https:\/\/ponceaucharmilles.fr\/web\/wp-json\/wp\/v2\/media?parent=3874"}],"curies":[{"name":"wp","href":"https:\/\/api.w.org\/{rel}","templated":true}]}}

Le Foyer d&#8217;Hébergement

<div></div>
<h3><span style="color: #ff6600;"><strong>Un lieux d’hébergement pour plus de sécurité</strong></span></h3>
<p>Construit en 1986, le foyer d’hébergement assure l’hébergement et l’accompagnement de personnes adultes en situation de handicap qui exercent une activité professionnelle en ESAT. Il vous y est proposé :<img loading="lazy" class="wp-image-4020 alignleft" src="http://ponceaucharmilles.fr/web/wp-content/uploads/2018/11/foyer-hebergement.jpg" alt="" width="372" height="291" srcset="https://ponceaucharmilles.fr/web/wp-content/uploads/2018/11/foyer-hebergement.jpg 800w, https://ponceaucharmilles.fr/web/wp-content/uploads/2018/11/foyer-hebergement-300x235.jpg 300w, https://ponceaucharmilles.fr/web/wp-content/uploads/2018/11/foyer-hebergement-768x601.jpg 768w" sizes="(max-width: 372px) 100vw, 372px" /></p>
<p><span style="color: #ff6600;"><strong>Des espaces de vie adaptés et personnalisés :</strong></span></p>
<p>Des studios individuels avec sanitaire privatif</p>
<p>Des salles collectives de détente ou d’ateliers</p>
<p>Une cuisine collective préparant les repas sur place</p>
<p>Un accompagnement personnalisé</p>
<p>Des activités d&#8217;apprentissage, de loisirs et de détente</p>
<p>Un accès aux services du territoire</p>

<p>Un lieux d’hébergement pour plus de sécurité Construit en 1986, le foyer d’hébergement assure l’hébergement et l’accompagnement de personnes adultes en situation de handicap qui exercent une activité professionnelle en &#8230;</p>
