{"id":3880,"date":"2018-11-05T12:04:04","date_gmt":"2018-11-05T11:04:04","guid":{"rendered":"http:\/\/ponceaucharmilles.fr\/web\/?page_id=3880"},"modified":"2019-04-03T17:43:20","modified_gmt":"2019-04-03T15:43:20","slug":"le-centre-daccueil-et-dactivites-de-jour","status":"publish","type":"page","link":"https:\/\/ponceaucharmilles.fr\/web\/le-centre-daccueil-et-dactivites-de-jour\/","title":{"rendered":"Le Centre d\u2019Accueil et d\u2019Activit\u00e9s de Jour"},"content":{"rendered":"<div><\/div>\n<h3><span style=\"color: #3366ff;\">Un lieu ressource en journ\u00e9e entre accueil et activit\u00e9s<img loading=\"lazy\" class=\"wp-image-3985 alignright\" src=\"http:\/\/ponceaucharmilles.fr\/web\/wp-content\/uploads\/2018\/11\/caaj2.jpg\" alt=\"\" width=\"300\" height=\"295\" \/><\/span><\/h3>\n<p>Le Centre d\u2019Accueil et d\u2019Activit\u00e9s de Jour propose \u00e0 des personnes adultes en situation de handicap un accueil de jour, selon un rythme personnalis\u00e9 (\u00e0 partir d\u2019une demi-journ\u00e9e jusqu\u2019\u00e0 une prise en charge hebdomadaire.<\/p>\n<p>Les personnes accueillies peuvent \u00e9galement travailler \u00e0 temps partiel \u00e0 l\u2019ESAT-R Le Ponceau.<\/p>\n<p><strong><span style=\"color: #3366ff;\"><img loading=\"lazy\" class=\"wp-image-3987 alignleft\" src=\"http:\/\/ponceaucharmilles.fr\/web\/wp-content\/uploads\/2018\/11\/caaj1.jpg\" alt=\"\" width=\"329\" height=\"257\" srcset=\"https:\/\/ponceaucharmilles.fr\/web\/wp-content\/uploads\/2018\/11\/caaj1.jpg 800w, https:\/\/ponceaucharmilles.fr\/web\/wp-content\/uploads\/2018\/11\/caaj1-300x235.jpg 300w, https:\/\/ponceaucharmilles.fr\/web\/wp-content\/uploads\/2018\/11\/caaj1-768x601.jpg 768w\" sizes=\"(max-width: 329px) 100vw, 329px\" \/><\/span><\/strong><\/p>\n<p><strong><span style=\"color: #3366ff;\">\u00a0Le CAAJ vous propose<\/span><\/strong><\/p>\n<p>Des locaux spacieux de plain-pied am\u00e9nag\u00e9 dans l\u2019esprit d\u2019un pavillon familial<\/p>\n<p>Un dispositif d\u2019accueil en journ\u00e9e, souple et s\u00e9curisant<\/p>\n<p>Un accompagnement favorisant le d\u00e9veloppement ou le maintien des acquis<\/p>\n<p>Des activit\u00e9s manuelles et cr\u00e9atives<\/p>\n<p>Des activit\u00e9s de d\u00e9tente et de bien-\u00eatre<\/p>\n<p>Une ouverture sur l\u2019ext\u00e9rieur<\/p>\n","protected":false},"excerpt":{"rendered":"<p>Un lieu ressource en journ\u00e9e entre accueil et activit\u00e9s Le Centre d\u2019Accueil et d\u2019Activit\u00e9s de Jour propose \u00e0 des personnes adultes en situation de handicap un accueil de jour, selon &#8230;<\/p>\n","protected":false},"author":1,"featured_media":3985,"parent":0,"menu_order":0,"comment_status":"closed","ping_status":"closed","template":"template-fullwidth.php","meta":[],"_links":{"self":[{"href":"https:\/\/ponceaucharmilles.fr\/web\/wp-json\/wp\/v2\/pages\/3880"}],"collection":[{"href":"https:\/\/ponceaucharmilles.fr\/web\/wp-json\/wp\/v2\/pages"}],"about":[{"href":"https:\/\/ponceaucharmilles.fr\/web\/wp-json\/wp\/v2\/types\/page"}],"author":[{"embeddable":true,"href":"https:\/\/ponceaucharmilles.fr\/web\/wp-json\/wp\/v2\/users\/1"}],"replies":[{"embeddable":true,"href":"https:\/\/ponceaucharmilles.fr\/web\/wp-json\/wp\/v2\/comments?post=3880"}],"version-history":[{"count":8,"href":"https:\/\/ponceaucharmilles.fr\/web\/wp-json\/wp\/v2\/pages\/3880\/revisions"}],"predecessor-version":[{"id":4309,"href":"https:\/\/ponceaucharmilles.fr\/web\/wp-json\/wp\/v2\/pages\/3880\/revisions\/4309"}],"wp:featuredmedia":[{"embeddable":true,"href":"https:\/\/ponceaucharmilles.fr\/web\/wp-json\/wp\/v2\/media\/3985"}],"wp:attachment":[{"href":"https:\/\/ponceaucharmilles.fr\/web\/wp-json\/wp\/v2\/media?parent=3880"}],"curies":[{"name":"wp","href":"https:\/\/api.w.org\/{rel}","templated":true}]}}

Le Centre d’Accueil et d’Activités de Jour

<div></div>
<h3><span style="color: #3366ff;">Un lieu ressource en journée entre accueil et activités<img loading="lazy" class="wp-image-3985 alignright" src="http://ponceaucharmilles.fr/web/wp-content/uploads/2018/11/caaj2.jpg" alt="" width="300" height="295" /></span></h3>
<p>Le Centre d’Accueil et d’Activités de Jour propose à des personnes adultes en situation de handicap un accueil de jour, selon un rythme personnalisé (à partir d’une demi-journée jusqu’à une prise en charge hebdomadaire.</p>
<p>Les personnes accueillies peuvent également travailler à temps partiel à l’ESAT-R Le Ponceau.</p>
<p><strong><span style="color: #3366ff;"><img loading="lazy" class="wp-image-3987 alignleft" src="http://ponceaucharmilles.fr/web/wp-content/uploads/2018/11/caaj1.jpg" alt="" width="329" height="257" srcset="https://ponceaucharmilles.fr/web/wp-content/uploads/2018/11/caaj1.jpg 800w, https://ponceaucharmilles.fr/web/wp-content/uploads/2018/11/caaj1-300x235.jpg 300w, https://ponceaucharmilles.fr/web/wp-content/uploads/2018/11/caaj1-768x601.jpg 768w" sizes="(max-width: 329px) 100vw, 329px" /></span></strong></p>
<p><strong><span style="color: #3366ff;"> Le CAAJ vous propose</span></strong></p>
<p>Des locaux spacieux de plain-pied aménagé dans l’esprit d’un pavillon familial</p>
<p>Un dispositif d’accueil en journée, souple et sécurisant</p>
<p>Un accompagnement favorisant le développement ou le maintien des acquis</p>
<p>Des activités manuelles et créatives</p>
<p>Des activités de détente et de bien-être</p>
<p>Une ouverture sur l’extérieur</p>

<p>Un lieu ressource en journée entre accueil et activités Le Centre d’Accueil et d’Activités de Jour propose à des personnes adultes en situation de handicap un accueil de jour, selon &#8230;</p>
