{"id":4063,"date":"2018-11-05T23:22:26","date_gmt":"2018-11-05T22:22:26","guid":{"rendered":"http:\/\/ponceaucharmilles.fr\/web\/?page_id=4063"},"modified":"2021-01-04T14:03:15","modified_gmt":"2021-01-04T13:03:15","slug":"produits-et-services","status":"publish","type":"page","link":"https:\/\/ponceaucharmilles.fr\/web\/produits-et-services\/","title":{"rendered":"Produits et services"},"content":{"rendered":"<div><\/div>\n<h3><strong>La sous-traitance industrielle<\/strong><\/h3>\n<p>Vous \u00eates une entreprise du territoire, vous avez des besoins ponctuels, une surcharge d\u2019activit\u00e9 ou une activit\u00e9 \u00e0 sous-traiter.<\/p>\n<p>Consultez-nous pour nous faire part de vos besoins et exigences.<br \/>\n<a href=\"mailto:contact.ponceau@ponceaucharmilles.fr\">contact.ponceau@ponceaucharmilles.fr<\/a> 02.43.06.16.04<\/p>\n<h3><strong>Les Espaces verts <\/strong><\/h3>\n<p>Vous \u00eates un particulier, une entreprise ou une collectivit\u00e9, notre atelier \u00ab\u00a0Espaces Verts\u00a0\u00bb peut r\u00e9pondre \u00e0 vos besoins d\u2019entretien ou de cr\u00e9ation d\u2019espaces verts.<\/p>\n<p>Consultez-nous pour nous faire part de vos besoins.<br \/>\n<a href=\"mailto:contact.ponceau@ponceaucharmilles.fr\">contact.ponceau@ponceaucharmilles.fr<\/a> 02.43.06.16.04<\/p>\n<h3><strong>Le Magasin \u00ab\u00a0Les paniers du Ponceau\u00a0\u00bb <\/strong><\/h3>\n<p>Vous \u00eates un particulier, une entreprise ou une collectivit\u00e9, notre magasin \u00ab Les paniers du Ponceau \u00bb vous accueille<\/p>\n<p style=\"text-align: center;\"><strong>le Mardi, Mercredi, Jeudi et Vendredi de 9h \u00e0 12h30 et de 14h \u00e0 18h30 <\/strong><\/p>\n<p style=\"text-align: center;\"><strong>ainsi que le samedi matin de 9h \u00e0 13h00.<\/strong><\/p>\n<p>Vous y retrouverez nos produits de saison issus de nos ateliers mara\u00eechage et vergers biologiques tout au long de l\u2019ann\u00e9e ainsi qu\u2019une gamme de produits locaux issus de l\u2019agriculture biologique.<\/p>\n<p>Notre gamme de plants mara\u00eechers bio ainsi que nos fleurs de saison issus de notre atelier \u00ab\u00a0horticulture\u00a0\u00bb vous seront propos\u00e9s au cours de l\u2019ann\u00e9e.<\/p>\n<p>Nous vous proposons \u00e9galement de nous retrouver le jeudi matin sur le march\u00e9 de Ch\u00e2teau-Gontier.<br \/>\nUn abonnement panier vous est propos\u00e9 tout au long de l\u2019ann\u00e9e avec diff\u00e9rents lieux de d\u00e9p\u00f4t<\/p>\n<p>Pour toute commande de l\u00e9gumes, contactez-nous via <a href=\"mailto:magasin@ponceaucharmilles.fr\">magasin@ponceaucharmilles.fr<\/a><\/p>\n","protected":false},"excerpt":{"rendered":"<p>La sous-traitance industrielle Vous \u00eates une entreprise du territoire, vous avez des besoins ponctuels, une surcharge d\u2019activit\u00e9 ou une activit\u00e9 \u00e0 sous-traiter. Consultez-nous pour nous faire part de vos besoins &#8230;<\/p>\n","protected":false},"author":1,"featured_media":0,"parent":0,"menu_order":0,"comment_status":"closed","ping_status":"closed","template":"template-fullwidth.php","meta":[],"_links":{"self":[{"href":"https:\/\/ponceaucharmilles.fr\/web\/wp-json\/wp\/v2\/pages\/4063"}],"collection":[{"href":"https:\/\/ponceaucharmilles.fr\/web\/wp-json\/wp\/v2\/pages"}],"about":[{"href":"https:\/\/ponceaucharmilles.fr\/web\/wp-json\/wp\/v2\/types\/page"}],"author":[{"embeddable":true,"href":"https:\/\/ponceaucharmilles.fr\/web\/wp-json\/wp\/v2\/users\/1"}],"replies":[{"embeddable":true,"href":"https:\/\/ponceaucharmilles.fr\/web\/wp-json\/wp\/v2\/comments?post=4063"}],"version-history":[{"count":7,"href":"https:\/\/ponceaucharmilles.fr\/web\/wp-json\/wp\/v2\/pages\/4063\/revisions"}],"predecessor-version":[{"id":4510,"href":"https:\/\/ponceaucharmilles.fr\/web\/wp-json\/wp\/v2\/pages\/4063\/revisions\/4510"}],"wp:attachment":[{"href":"https:\/\/ponceaucharmilles.fr\/web\/wp-json\/wp\/v2\/media?parent=4063"}],"curies":[{"name":"wp","href":"https:\/\/api.w.org\/{rel}","templated":true}]}}

<div></div>
<h3><strong>La sous-traitance industrielle</strong></h3>
<p>Vous êtes une entreprise du territoire, vous avez des besoins ponctuels, une surcharge d’activité ou une activité à sous-traiter.</p>
<p>Consultez-nous pour nous faire part de vos besoins et exigences.<br />
<a href="mailto:contact.ponceau@ponceaucharmilles.fr">contact.ponceau@ponceaucharmilles.fr</a> 02.43.06.16.04</p>
<h3><strong>Les Espaces verts </strong></h3>
<p>Vous êtes un particulier, une entreprise ou une collectivité, notre atelier « Espaces Verts » peut répondre à vos besoins d’entretien ou de création d’espaces verts.</p>
<p>Consultez-nous pour nous faire part de vos besoins.<br />
<a href="mailto:contact.ponceau@ponceaucharmilles.fr">contact.ponceau@ponceaucharmilles.fr</a> 02.43.06.16.04</p>
<h3><strong>Le Magasin « Les paniers du Ponceau » </strong></h3>
<p>Vous êtes un particulier, une entreprise ou une collectivité, notre magasin « Les paniers du Ponceau » vous accueille</p>
<p style="text-align: center;"><strong>le Mardi, Mercredi, Jeudi et Vendredi de 9h à 12h30 et de 14h à 18h30 </strong></p>
<p style="text-align: center;"><strong>ainsi que le samedi matin de 9h à 13h00.</strong></p>
<p>Vous y retrouverez nos produits de saison issus de nos ateliers maraîchage et vergers biologiques tout au long de l’année ainsi qu’une gamme de produits locaux issus de l’agriculture biologique.</p>
<p>Notre gamme de plants maraîchers bio ainsi que nos fleurs de saison issus de notre atelier « horticulture » vous seront proposés au cours de l’année.</p>
<p>Nous vous proposons également de nous retrouver le jeudi matin sur le marché de Château-Gontier.<br />
Un abonnement panier vous est proposé tout au long de l’année avec différents lieux de dépôt</p>
<p>Pour toute commande de légumes, contactez-nous via <a href="mailto:magasin@ponceaucharmilles.fr">magasin@ponceaucharmilles.fr</a></p>

<p>La sous-traitance industrielle Vous êtes une entreprise du territoire, vous avez des besoins ponctuels, une surcharge d’activité ou une activité à sous-traiter. Consultez-nous pour nous faire part de vos besoins &#8230;</p>
